{"id":27,"date":"2018-05-30T10:34:53","date_gmt":"2018-05-30T08:34:53","guid":{"rendered":"http:\/\/deutsch-und-polnisch.de\/wordpress\/?page_id=27"},"modified":"2020-01-13T11:59:25","modified_gmt":"2020-01-13T10:59:25","slug":"impressum","status":"publish","type":"page","link":"https:\/\/deutsch-und-polnisch.de\/wordpress\/impressum\/","title":{"rendered":"Impressum"},"content":{"rendered":"<h2>Verantwortlich f\u00fcr den Inhalt der Webseiten:<\/h2>\n<p><strong><span style=\"color: #3399cc;\">Brigitte Nenzel<\/span><\/strong><br \/>\nP\u00fctzchensweg 34 b<br \/>\n53227 Bonn, Germany<\/p>\n<p>Tel.: 0228\/465320<br \/>\nFax: 0228\/465088<br \/>\nMobil: +49\/170\/8118085<br \/>\ne-Mail: <a href=\"mailto:bnenzel@t-online.de\">bnenzel@t-online.de<\/a><\/p>\n<h4><strong><span style=\"color: #3399cc;\">COPYRIGHT-HINWEIS<\/span><\/strong><\/h4>\n<p>Die verwendeten Texte, Bilder und Grafiken sowie das Layout dieser Seiten unterliegen weltweitem Urheberrecht. Die unerlaubte Verwendung, Reproduktion oder Weitergabe einzelner Inhalte oder kompletter Seiten ist untersagt.<\/p>\n<p>Fotos der Publikationen mit freundlicher Genehmigung der Verlage und Herausgeber.<\/p>\n<h4><strong><span style=\"color: #3399cc;\">HAFTUNGSAUSSCHLUSS<\/span><\/strong><\/h4>\n<p>Eine Gew\u00e4hr f\u00fcr die Richtigkeit, Vollst\u00e4ndigkeit und Aktualit\u00e4t dieser Webseiten kann trotz sorgf\u00e4ltiger Pr\u00fcfung nicht \u00fcbernommen werden.<\/p>\n<h6><a href=\"https:\/\/deutsch-und-polnisch.de\/wordpress\/datenschutz\/\">Datenschutz<\/a><\/h6>\n<p><code><\/code><\/p>\n","protected":false},"excerpt":{"rendered":"<p>Verantwortlich f\u00fcr den Inhalt der Webseiten: Brigitte Nenzel P\u00fctzchensweg 34 b 53227 Bonn, Germany Tel.: 0228\/465320 Fax: 0228\/465088 Mobil: +49\/170\/8118085 e-Mail: bnenzel@t-online.de COPYRIGHT-HINWEIS Die verwendeten Texte, Bilder und Grafiken sowie das Layout dieser Seiten unterliegen weltweitem Urheberrecht. Die unerlaubte Verwendung, Reproduktion oder Weitergabe einzelner Inhalte oder kompletter Seiten ist untersagt. Fotos der Publikationen mit freundlicher&hellip;<\/p>\n","protected":false},"author":1,"featured_media":0,"parent":0,"menu_order":0,"comment_status":"closed","ping_status":"closed","template":"","meta":{"spay_email":""},"_links":{"self":[{"href":"https:\/\/deutsch-und-polnisch.de\/wordpress\/wp-json\/wp\/v2\/pages\/27"}],"collection":[{"href":"https:\/\/deutsch-und-polnisch.de\/wordpress\/wp-json\/wp\/v2\/pages"}],"about":[{"href":"https:\/\/deutsch-und-polnisch.de\/wordpress\/wp-json\/wp\/v2\/types\/page"}],"author":[{"embeddable":true,"href":"https:\/\/deutsch-und-polnisch.de\/wordpress\/wp-json\/wp\/v2\/users\/1"}],"replies":[{"embeddable":true,"href":"https:\/\/deutsch-und-polnisch.de\/wordpress\/wp-json\/wp\/v2\/comments?post=27"}],"version-history":[{"count":17,"href":"https:\/\/deutsch-und-polnisch.de\/wordpress\/wp-json\/wp\/v2\/pages\/27\/revisions"}],"predecessor-version":[{"id":410,"href":"https:\/\/deutsch-und-polnisch.de\/wordpress\/wp-json\/wp\/v2\/pages\/27\/revisions\/410"}],"wp:attachment":[{"href":"https:\/\/deutsch-und-polnisch.de\/wordpress\/wp-json\/wp\/v2\/media?parent=27"}],"curies":[{"name":"wp","href":"https:\/\/api.w.org\/{rel}","templated":true}]}}